te?
False
Let z = 1275 - 704. Is z a composite number?
False
Let q(c) be the first derivative of -c**4/4 + 5*c**3/3 - 5*c**2/2 + 1. Let r be q(4). Let d(v) = 6*v**2 + 3*v - 5. Is d(r) a prime number?
True
Suppose 5 = -5*j, 2*x + 1 = j - 0. Is x/(-4) + (-5532)/(-16) a composite number?
True
Let v(j) = -4*j - 1. Let f(h) = h - 1. Let i(x) = -3*f(x) - v(x). Let p be i(-4). Suppose -2*r + 199 + 31 = p. Is r composite?
True
Let i(k) = -k - 3. Let n be i(-8). Suppose 0 = -5*d - 2*v - 2, -3*d = n*v + 4 + 1. Suppose 4*o + c = 5*o - 50, d = 2*c - 2. Is o a composite number?
True
Let u = -516 - -1381. Is u prime?
False
Suppose 2*f = -7 + 11. Let d be 18/f + 12/(-3). Is 1/((20/3884)/d) prime?
True
Let k(m) = 5*m**2 + 30*m + 138. Is k(-19) a prime number?
True
Is (-2 + 338 + -5)*(3 - 2) composite?
False
Let p be -1 - ((-4)/4 + -22). Suppose -5*n + p = -3*k - 2, 5*n - 21 = 2*k. Is (16/1)/1 - k a prime number?
True
Suppose -3*s - 4*c + 13 + 6 = 0, c - 26 = -5*s. Suppose 4*m + 5*p = 3007 + 6239, 0 = s*m + p - 11547. Is m composite?
False
Suppose 6*m - 14607 - 60015 = 0. Is m a composite number?
False
Let m(q) = 2*q**3 + 3*q**2 - 6*q + 3. Let r be m(4). Suppose 4*w = -0*w + 20. Suppose r - 540 = -w*a. Is a prime?
False
Suppose -4 = 2*s, l + 24*s = 20*s + 279. Is l prime?
False
Suppose -3*o - 2*o = -15, 5*l = -4*o + 1242. Suppose -b - x = -0*x - l, 5*b + 2*x - 1245 = 0. Is b a composite number?
False
Suppose -3 - 3 = -2*y. Suppose 0 = y*k + 459 - 1257. Suppose -665 = -3*c - k. Is c prime?
False
Suppose 15*p = 4459 + 15296. Is p composite?
True
Let k be 3 - 4 - 1822/2. Let m be (-2 - -2 - 2) + k. Is 4/(-14) - m/14 composite?
True
Is (2*(-1)/(-6))/(350/8245650) a prime number?
True
Let d(l) = 5*l - 6. Let i be d(5). Suppose -i = 5*x - 4. Let z(u) = 85*u**2 + 4*u + 2. Is z(x) composite?
True
Suppose 16206 = 19*d - 15239. Is d prime?
False
Let h = -575 + 17334. Is h a composite number?
False
Is (-504624)/(-32)*(4 - 2/3) a prime number?
False
Let s = 429 + 143. Suppose -5*r - w + 600 = 4*w, 5*r - s = 2*w. Let b = -22 + r. Is b composite?
True
Let a = 5285 - 582. Is a composite?
False
Let w be 628/(-5) + 4/(-10). Suppose 5*z - 4*p - 987 = 0, 0 = -4*z + 17*p - 15*p + 786. Let v = z + w. Is v composite?
True
Suppose 5*f + 5*z = 2*f - 194, -z - 1 = 0. Let q = f - -100. Is q a composite number?
False
Suppose -3*t + 7401 = -2*f, 4*t + t - 12335 = f. Is t a prime number?
True
Let l(n) = -8 - n**2 - 2 - n + 6 + 3. Let i(p) = 212*p**2 - 2*p - 1. Let j(z) = i(z) - 2*l(z). Is j(1) prime?
False
Let v be 0/1 + (137736/6)/(-3). Let c = v + 12955. Is c a composite number?
False
Suppose -5*f + 5*c + 8450 = 0, 1966 = f - 4*c + 285. Is f prime?
True
Is 1/7 + (-95904)/(-21) a composite number?
False
Let q(s) = -2941*s - 338. Is q(-9) composite?
True
Suppose 2*q = -x + 2, -4*x = -6*x - q + 16. Suppose -35 = 3*a + 4*t, 5 + x = -4*a + t. Let w(v) = 9*v**2 - 4*v + 6. Is w(a) composite?
False
Let o(m) = -2 + 4*m - 47*m**2 - 3 + 6 + 2*m. Let b be o(3). Let q = b - -735. Is q a composite number?
False
Is 156/(-26) + -159226*4/(-8) a composite number?
True
Let g = -6132 - -4095. Let y = g + 3200. Is y composite?
False
Let u(f) = -f**3 + 3*f**2 - 5*f + 7. Let s be u(3). Is s/20*-10 + 405 a composite number?
False
Let z be (-8)/2 - (17 - 12). Is 35384/36 + (-1)/z a composite number?
False
Let c(a) = a**3 - 3*a**2 - 10*a - 5. Let q(t) = -3*t**3 + 8*t**2 + 29*t + 15. Let n(u) = -11*c(u) - 4*q(u). Let d be n(-3). Is 2/d + 374/10 a composite number?
False
Suppose -w - 12544 = -9*w. Suppose -4*n = 4*t - 3144, 2*n - 2*t = -0*n + w. Is n composite?
True
Suppose 21 = 3*j - 3*i, 4*j = 3*i - 14 + 37. Suppose -j - 10 = -v. Let n = v - -167. Is n a prime number?
True
Let n = -30 + 28. Let t(y) = -9*y - 3. Is t(n) a composite number?
True
Let r(b) = 1219*b**2 - 12*b - 14. Is r(-1) prime?
True
Let c(q) = 57*q**2 - 11*q + 103. Is c(16) a composite number?
False
Let o be (10/(-4))/((-1)/(-4)). Let n = 38 - o. Suppose 0 = -2*g - n + 706. Is g composite?
True
Let d(g) = 3*g**2 - g + 5*g - 1 - 40*g**3 - 8*g - 3. Is d(-3) prime?
False
Let a(s) = 10*s**3 - 12*s**2 - 22*s - 17. Is a(11) composite?
True
Let s(w) = -w**3 + 10*w**2 - 2. Let d be 10*(1 - (-9)/(-15)). Suppose 2*j = 4*f + f + 29, d*j + 4*f - 16 = 0. Is s(j) a composite number?
True
Let q be 1/((2 + 2)/76). Let i = -14 + q. Suppose 0 = -0*g + i*g - 435. Is g a composite number?
True
Let f be -5 - -3 - -1*4. Is f/5 - 3132/(-20) prime?
True
Suppose -5*o + 4463 = 2*s - 1501, -s = 5*o - 5962. Suppose -q = 3*q - o. Suppose b = 0, 3*b - 126 = -4*c + q. Is c a composite number?
True
Is 3/((-15)/(-20)) + 1955 a prime number?
False
Suppose 9463 - 88651 = -12*y. Is y a prime number?
True
Let k be ((-45)/6 - -1)*2. Let s = k + 17. Suppose 2*h + 2 = 3*h, o - s*h - 59 = 0. Is o a composite number?
False
Is 4110/4 + (-32)/64 a prime number?
False
Suppose -5*f - 5*k + 17660 = 0, 2*f - 4*k + 162 = 7244. Let l = -1098 + f. Is l a prime number?
True
Suppose -69*x + 4 = -68*x. Suppose 0 = -4*l - x*p + 316, -4*p + 254 = 5*l - 136. Is l composite?
True
Suppose -11*t - 5066 = -13*t. Is t composite?
True
Let c(v) = 7*v**3 + 4*v**2 - 3. Let m be c(-2). Let b = m - -98. Is b a prime number?
False
Let z = 0 + -2. Let f = z - -7. Suppose -k - 168 = -3*k + f*j, j + 397 = 5*k. Is k composite?
False
Suppose 136105 = 27*i + 39688. Is i a composite number?
False
Suppose -g + 5*j + 22 = 0, 2*j = -4*g + 2*g - 4. Suppose -117 = g*f + 1. Let d = 354 - f. Is d a composite number?
True
Let f(m) = 56*m + 1. Suppose -11*a = -14*a + 21. Is f(a) prime?
False
Let w = 4227 - 2190. Let l be (3 - 4)*(w - -2). Let y = -1362 - l. Is y a composite number?
False
Suppose 0 = 4*l + 2 - 14. Suppose -v + 346 = -3*s, 5*s = 4*v + l*s - 1334. Is v prime?
True
Let o(d) = 78*d**2 - 11*d + 429. Is o(14) prime?
False
Let h = -17 - -25. Let s = 12 - h. Suppose v - 15 = -s. Is v prime?
True
Let y(m) = m + 15. Suppose 3*h + h = 176. Suppose -h = -0*j + 4*j. Is y(j) composite?
True
Let n(f) = 39*f - 29. Is n(14) composite?
True
Let a be 82718/6 - (-1)/(-3). Is 4/14 + a/14 prime?
False
Is 3/10 + 1009602/60 + -4 a prime number?
True
Is (-11)/(77/63) + 3416 a composite number?
False
Let t = -388 - -566. Let z be (6 + -1)/((-3)/(-87)). Let y = t + z. Is y prime?
False
Let u(o) = 13*o - 9. Let c = -5 + 16. Is u(c) composite?
True
Let a(c) = -14*c**3 + c**2 - 1. Suppose -2*v + 3*r = -r + 6, -v + 15 = 4*r. Suppose 0*u - 3 = v*u. Is a(u) a prime number?
False
Let v(t) be the third derivative of 7*t**6/60 + t**4/12 - t**3/6 - 35*t**2. Is v(1) composite?
True
Let y = 386 + -242. Suppose 0*x - y = -2*x. Suppose -3*u = -x - 21. Is u composite?
False
Let n = -38 - -40. Suppose 5*l - 4*h = -3*h + 3763, -3*l = n*h - 2263. Is l composite?
True
Let q(f) be the second derivative of -f**3/6 + f**2 + 8*f. Let y be q(8). Is (1 + 3/y)*194 prime?
True
Suppose -x = -3*f + 9, -x + 5 = 4*f - 0. Suppose -4*k + 2*y + y = -605, -5*k + f*y = -751. Is k composite?
False
Let o(j) = j**3 + 7*j**2 + 2*j + 16. Let n be o(-7). Let s = n + 3. Suppose w + 5*d = -w + 1353, 0 = -s*w - 5*d + 3390. Is w composite?
True
Suppose -5*x - 5*v - 10 = 0, x = -2*v - 2*v - 17. Let c be (0 + -1)/((-10)/490). Is (x - (-8)/(-4))*c prime?
False
Let n(a) = a**3 + 2*a**2 - 4*a. Let f(i) = i**2 - 8*i + 4. Let k be f(7). Let o be n(k). Is o + 330 - (-4)/(-2) a composite number?
False
Let z(t) = 340*t - 3. Let h be z(7). Let l = 7098 - h. Is l composite?
False
Suppose -5*v - 16 = -9*v. Let m be (4 - -1*629) + v. Suppose 150 - m = -g. Is g composite?
False
Suppose 1138*y = 1140*y - 16. Let d(v) = -10*v + 3*v**3 - 4*v**3 + 2*v**3 - 5*v**2 + 15. Is d(y) prime?
True
Let n(a) = -20*a + 6. Let j be n(-8). Let w = j - -237. Is w prime?
False
Let u be (-422)/12 + 3/18. Let z = 90 + u. Is z a composite number?
True
Let d(a) = 5 + 1 + 3*a**3 - 2*a**3 - 2*a**3 - 2*a. Let m be d(0). Suppose w = -m*w + 7343. Is w prime?
True
Let j be (-3)/4 + (-12)/(-16). Suppose -152 = -j*p + p. Let t = 241 + p. Is t a prime number?
True
Suppose -2*w + 6*r - 3*r = -13, -r - 1 = 0. Is (-292)/w*45/(-18) composite?
True
Suppose o = -3*b + 5*b - 3883, -5*o - 19427 = -4*b. Let m = o + 9666. Is m a prime number?
True
Let d(z) = z**2 + z + 2. Let h be 12/30 - (-24)/(-10). Let b be d(h). Is 1/(b/(-5604)*-3) a